 t and 13.
13
Suppose 31*o + 3*o = -408. Let q be ((-299)/52)/(3/o). What is the highest common factor of 989 and q?
23
Let h = 3481 + -3178. Calculate the greatest common divisor of 1919 and h.
101
Let n be 8/(-6)*(42/(-12) - 1). Let h = -309 + 411. What is the highest common divisor of h and n?
6
Let j(g) = -1700*g - 2200. Let a be j(-8). Calculate the greatest common factor of a and 20.
20
Let g(l) = 6049 - 6290 + 8*l + l + 7*l. Let c be g(17). Calculate the highest common factor of c and 186.
31
Suppose -4*x - 2*d = -72, -5*x - 9*d + 90 = -4*d. Calculate the greatest common divisor of 146 and x.
2
Let s(w) = -84*w + 3532. Let h be s(42). Let r(u) = 2*u**3 - 10*u**2 + 8*u + 4. Let y be r(6). What is the greatest common factor of y and h?
4
Suppose -7*x + 18 = -x. Suppose 0 = -x*o + b + 11, -4*o - 6 + 4 = 2*b. What is the highest common divisor of o and 50?
2
Let j = 5346 - -6643. What is the greatest common divisor of 76 and j?
19
Let h be (-8 + -1)*(-3)/9. Let t(v) = 4*v + 7. Let g be t(-4). Let w = 15 + g. What is the greatest common divisor of w and h?
3
Suppose 92*q - 12847 - 11420 + 9363 = 0. Calculate the greatest common divisor of q and 14013.
81
Suppose -q - i = -17, 2 = -2*i - 6. Let f = q + 53. Suppose 5*x - t - 41 = f, 4*x = -2*t + 106. What is the greatest common factor of x and 72?
24
Suppose -21*p - 825 = -16*p. Let y = -127 - p. What is the highest common factor of y and 133?
19
Suppose 4*y - 3*h - 171 = 63, 2*y + h - 112 = 0. Let d be 1*(0 - 2 - -2). Let k be -3 - (-21 + (d - 1)). Calculate the greatest common divisor of k and y.
19
Suppose 0 = 3*m + 9 - 96. Let g = -12 - -14. Suppose 4*q = -5*k + g*q + 135, k - 2*q = 39. Calculate the greatest common divisor of m and k.
29
Suppose -5*y + 2028 = -2*u - 3926, y = u + 1195. Calculate the highest common divisor of 1080 and y.
108
Suppose 31 = -l - k, 2*l = -4*k + 6*k - 58. Let p = -24 - l. Suppose 8*i - p*i - 24 = 0. What is the greatest common factor of 48 and i?
12
Let v be (53/53)/(2/294). What is the highest common factor of 196 and v?
49
Let w(x) = -x**3 + 11*x**2 - 14*x - 22. Let z be w(7). Let k = -83 + 121. What is the highest common divisor of z and k?
38
Suppose -74*x = -38*x - 46*x + 6150. Calculate the greatest common divisor of 10 and x.
5
Suppose 0 = -781*o + 786*o - 30. Suppose -357 = -o*b + 147. What is the greatest common divisor of b and 108?
12
Let f = 9670 - 9087. Calculate the highest common factor of f and 473.
11
Let u = 846 - 831. Let h be (105/u)/((-1)/(-3)). What is the highest common divisor of h and 3?
3
Let l be (84/(-8) - 13)/((-6)/1488). What is the greatest common divisor of 248 and l?
124
Let p(i) = -4*i - 19. Let q be p(-6). Suppose 4*g + 88 = -q*n, 5*g - 20 = 2*n + 2. Let h = 43 + n. What is the greatest common factor of h and 27?
27
Let u be -5 + (43/2 - (-5)/(-10)). Calculate the highest common factor of 2504 and u.
8
Suppose 15*q - 21*q = -m - 510, -2*q + 170 = 3*m. What is the greatest common divisor of 459 and q?
17
Let n be (-41760)/(-84)*3/6*7. Calculate the greatest common divisor of n and 60.
60
Suppose 257*q - 5079145 = -1283255. Calculate the greatest common factor of 70 and q.
70
Let b = -99 - -136. Suppose b*s - 35*s - 2136 = 0. What is the highest common divisor of s and 12?
12
Let c = 3768 - 3647. Let x(i) = -i**3 - 3*i**2 + 3*i - 2. Let w be x(-6). What is the highest common divisor of w and c?
11
Suppose -150 = -c - 4*s, -4*c + 763 = 3*s + 111. Suppose 0 = 3*x - a - c, -x + 0*a + a = -52. Calculate the highest common factor of 19 and x.
19
Let k(f) = f**2 + f + 3. Let d be k(-2). Suppose -g = -d*g + 16. Suppose -14*s + g*s + 1430 = 0. What is the highest common divisor of s and 13?
13
Suppose -5 = 3*x + 1, 0 = -2*p + 2*x + 1342. What is the greatest common divisor of p and 5575?
223
Let p = -251 - -260. Suppose p*c - 224 = 1801. Calculate the greatest common factor of c and 25.
25
Let b = -142 - -182. Suppose -4*p + 5*v = -394 - 151, -3*p - 3*v + 429 = 0. Calculate the greatest common divisor of b and p.
20
Suppose -4*a - 3*q + 5 = a, 5*q = -2*a - 17. Suppose -a*k - 20 = -260. Let y be 30*(2 - 10/15). What is the highest common factor of k and y?
20
Let n be (2 - 0) + -213*2*4/(-12). What is the highest common factor of n and 372?
12
Let p = 76 + -52. Let d = p + -13. Suppose 3*v - 4*k = 132, 0*k - k + 176 = 4*v. Calculate the greatest common divisor of v and d.
11
Let m(f) = 558*f + 522. Let p(a) = 159*a + 149. Let k(n) = -5*m(n) + 18*p(n). Let t be k(5). Calculate the greatest common factor of 27 and t.
27
Let h be (73 - 16)/19 + 15*9. Calculate the greatest common factor of h and 9.
3
Suppose -3*a + j = -119, 13*a - 5*j = 17*a - 203. Calculate the greatest common divisor of a and 3794.
14
Let v be (-10)/4 - 90/(-36). Suppose -4*u + 30 = -3*p, v = 3*u + 3*p - 7*p - 19. What is the greatest common divisor of 12 and u?
3
Let s = 41155 - 36487. Calculate the highest common divisor of 108 and s.
12
Let s be (170 - 0/1)*192/480. Suppose 92*u = 93*u - s. What is the greatest common factor of u and 238?
34
Suppose -4*h = 7*h - 308. Let r = 82 - 81. Let c be ((5 + -11)*-7)/r. What is the greatest common divisor of c and h?
14
Let t(b) = 2*b**3 + 6*b**2 - 11*b - 7. Let z be t(-4). Suppose 2*h = 4*c + 298, -271 = 3*h - z*h - 5*c. Calculate the greatest common divisor of 11 and h.
11
Let v(o) = -o**2 - 16*o - 27. Let z be v(-14). Let g be z/((-4659)/777 + 6). What is the highest common factor of 37 and g?
37
Let b be 1986 - 110/(-20)*(-12)/11. Calculate the greatest common divisor of 891 and b.
99
Suppose 5*c + 11 = 1, 4*d - 48 = 2*c. Suppose 326*m - 5 = 321*m. Suppose -2*z + d = -m. What is the highest common factor of 66 and z?
6
Let k(r) = r**3 + 6*r + 45. Let l be k(0). Calculate the highest common factor of l and 1404.
9
Let p(k) = 12*k**2 + 4*k - 10. Let u be p(-9). Suppose -5*h + u = -244. What is the highest common divisor of 26 and h?
26
Suppose -5*h = -10, -10*d + 9*d + 438 = -h. What is the highest common factor of 825 and d?
55
Let k = -9926 + 10106. Calculate the highest common factor of k and 195.
15
Let a = -51943 + 53028. Let p = -8 - -43. What is the greatest common factor of p and a?
35
Suppose -3*n + 21 - 222 = 0. Let d(h) = -2*h - 36. Let a be d(-17). Let l = a - n. Calculate the greatest common divisor of 26 and l.
13
Let g(m) = -236 + 10*m + 256 - 5*m. Let u be g(17). What is the greatest common divisor of u and 14?
7
Let i be ((25/20)/(-5))/((-2)/328). Suppose -4*u + 2*o + 172 = 0, 0 = -u + o - 0*o + i. Let b = 34 - 16. What is the greatest common divisor of u and b?
9
Suppose 82295 + 21640 = 15*v. What is the greatest common divisor of 338 and v?
169
Suppose 4*c = -2*c + 12. Suppose 0 = -2*f - c, -3*b - 2*f = -6*f - 79. Calculate the highest common factor of 15 and b.
5
Suppose -2*x - 5*t + 1417 = 404, -4*x = -2*t - 1966. Let f(k) = k**3 + 10*k**2 + 109*k + 938. Let d be f(-9). What is the highest common factor of d and x?
38
Suppose -5*r + 36 = r. Suppose 218 + 16 = r*v. What is the highest common factor of 13 and v?
13
Let k(f) = 64*f + 1360. Let y be k(-19). What is the highest common divisor of y and 3664?
16
Let n = -2825 + 2863. Calculate the highest common divisor of n and 209.
19
Let z be ((-9)/3)/(15/790). Let h = z + 170. Calculate the greatest common divisor of 30 and h.
6
Suppose -3*h + 19 = -17. Let p be ((-432)/(-16))/((-3)/(-2)). Let a(t) = t**2 - 23*t + 150. Let q be a(p). Calculate the highest common divisor of q and h.
12
Suppose -3*j + 68 = -j. Let b = j + -20. Let h(g) = 14*g**3 + g**2 - 3*g + 2. Let w be h(2). Calculate the greatest common divisor of w and b.
14
Suppose 0 = 4*g - 8, -4*m + g + 10 = -0*m. Suppose 15 = 3*l + a, 0*l = -4*l - m*a + 15. Suppose -l*w + 746 = 146. What is the highest common factor of w and 25?
25
Let x = 47315 + -47198. What is the greatest common factor of 975 and x?
39
Suppose 0 = 3*w - 21 - 6. Suppose 456*x - 460*x - 5*f = -66, x - 2*f = -16. What is the highest common divisor of w and x?
1
Suppose 5*c = -5*r + 700, -r + 295 = r + 5*c. Suppose -21*i + 618 = r. What is the greatest common factor of 207 and i?
23
Let q = -367 - -374. Suppose 45 = -q*k + 136. Calculate the greatest common divisor of k and 1339.
13
Let f = -234 - -238. Suppose 94 = 2*i + 12*u -